 901*k - 4505. Calculate h(5).
0
Let c(m) = 139*m - 19307. Calculate c(139).
14
Let s(x) = -217*x**2 - 413*x + 37. Determine s(-2).
-5
Let q(f) = 33*f + 2229. Calculate q(-55).
414
Let n(j) = -23*j**2 - 326*j - 52. Give n(-14).
4
Let p(b) = -2*b**2 + 28*b - 89. What is p(4)?
-9
Let j(x) = x**3 - 16*x**2 - 25*x + 149. What is j(13)?
-683
Let c(v) = -6*v**2 + 98*v - 5. What is c(17)?
-73
Let m(y) = -2*y**3 + 200*y**2 + 184*y + 1809. Determine m(101).
-9
Let d(c) = -171*c + 2177. Give d(13).
-46
Let m(w) = -6*w**3 - 48*w**2 - 101*w - 820. Give m(-8).
-12
Let x(n) = 2*n**3 + 8*n**2 - 44*n - 205. Determine x(-5).
-35
Let l(k) = 77*k + 791. Determine l(-10).
21
Let z(q) = -3664*q - 10991. What is z(-3)?
1
Let s(k) = -k**3 - 50*k**2 + 34*k - 867. Give s(-51).
0
Let b(j) = 8*j**2 - 81*j + 392. Give b(5).
187
Let y(a) = 6*a - 587. What is y(90)?
-47
Let m(z) = -277*z**3 + 2*z**2 + 36*z + 34. Determine m(-1).
277
Let t(d) = -2*d**2 - 57*d + 1596. Determine t(-47).
-143
Let v(y) = 8*y**3 + 8*y**2 - 5. Determine v(-2).
-37
Let r(m) = -116*m - 22. Give r(0).
-22
Let v(i) = -244*i + 1533. Determine v(6).
69
Let m(d) = d**2 - 12*d - 1497. Calculate m(45).
-12
Let q(c) = c**2 - 13*c - 63. Calculate q(17).
5
Let r(m) = -3*m - 207. What is r(-68)?
-3
Let k(n) = -n**2 - 118*n - 2422. Give k(-90).
98
Let k(i) = -i**3 + 6*i**2 - 37*i + 225. What is k(6)?
3
Let x(i) = -i**2 - 39*i + 125. What is x(-30)?
395
Let q(s) = -s**3 - 13*s**2 - 18*s + 55. Calculate q(-10).
-65
Let s(q) = 52*q + 172. Calculate s(-6).
-140
Let x(r) = -r**3 - 11*r**2 + 95*r + 750. Give x(-14).
8
Let l(c) = -15771*c - 47310. What is l(-3)?
3
Let z(a) = -77*a + 378. Determine z(5).
-7
Let b(n) = n**3 - 34*n**2 + 282*n + 63. Calculate b(19).
6
Let b(x) = 188*x - 23. What is b(2)?
353
Let p(m) = m**3 + 49*m**2 + 177*m. Calculate p(-4).
12
Let h(r) = 2*r**3 - 293*r**2 - 120*r - 3869. Calculate h(147).
100
Let k(y) = -48*y**2 + y - 1. Determine k(-1).
-50
Let g(p) = 3*p**3 - 10*p**2 - 14*p + 21. What is g(-4)?
-275
Let u(h) = 3*h + 14. What is u(13)?
53
Let z(q) = 71*q - 435. What is z(6)?
-9
Let u(w) = -94*w**2 - 846*w + 7. Determine u(-9).
7
Let z(q) = q**3 - 2*q**2 - 56*q + 60. What is z(8)?
-4
Let l(a) = -18*a**2 - 3*a - 3. Calculate l(-1).
-18
Let v(u) = -227*u - 1209. Calculate v(-5).
-74
Let o(v) = 26*v**2 + 2139*v + 569. Calculate o(-82).
-5
Let g(i) = 10*i - 236. Give g(24).
4
Let i(g) = -3*g**2 + 892*g + 27324. Give i(-28).
-4
Let q(i) = -92*i + 3038. What is q(33)?
2
Let c(r) = -2*r**2 - 150*r + 1143. Give c(-82).
-5
Let j(s) = 50*s**2 + 143*s + 28. Give j(-4).
256
Let j(m) = -667*m**2 + 13339*m + 27. Give j(20).
7
Let q(r) = 2*r**2 - 506*r + 11004. Calculate q(229).
12
Let c(n) = -24*n**3 - 15*n**2 + 9*n + 5. Give c(1).
-25
Let b(s) = s**3 - 22*s**2 - 452*s - 16. Give b(-13).
-55
Let s(l) = l**3 - 15*l**2 - 23*l + 15. Calculate s(16).
-97
Let q(n) = n**3 - 63*n**2 + 151*n + 1747. Determine q(60).
7
Let r(f) = 46*f - 1465. Determine r(32).
7
Let v(t) = 6*t**3 - 2*t**2 + 5*t + 12. Determine v(-3).
-183
Let l(t) = -1197*t + 7174. Determine l(6).
-8
Let y(g) = g**3 - 29*g**2 - 93*g - 78. What is y(32)?
18
Let n(f) = -56*f**2 + f - 7. Give n(-2).
-233
Let b(o) = 3*o**2 - 121*o + 656. Calculate b(34).
10
Let u(i) = i**3 + 14*i**2 + 21*i + 86. What is u(-14)?
-208
Let d(z) = z**2 - 2641*z + 80908. Calculate d(31).
-2
Let c(q) = 1428*q + 7134. Calculate c(-5).
-6
Let q(n) = n**3 - 82*n**2 + 242*n - 546. Determine q(79).
-151
Let q(w) = -28*w - 250. What is q(-4)?
-138
Let i(t) = t**2 - 48*t - 4172. What is i(-45)?
13
Let f(m) = 365*m - 2910. What is f(8)?
10
Let k(y) = 103*y**2 + 21*y. Calculate k(-2).
370
Let r(x) = -2*x**2 + 7*x - 40. Determine r(-9).
-265
Let m(q) = -58*q + 5785. What is m(100)?
-15
Let b(p) = 346*p - 6233. Give b(18).
-5
Let z(s) = -36*s**2 + 2487*s - 168. What is z(69)?
39
Let l(t) = -119*t + 845. Calculate l(7).
12
Let s(g) = 122*g + 1682. Calculate s(-14).
-26
Let f(w) = -6*w**3 + 32*w - 66. Give f(3).
-132
Let o(i) = -i**3 - 10*i**2 - 28*i - 17. Calculate o(-9).
154
Let o(u) = -405*u - 8501. Calculate o(-21).
4
Let h(u) = -398*u + 16317. Calculate h(41).
-1
Let t(u) = 17*u**2 - 279*u - 189. Calculate t(17).
-19
Let j(f) = -3*f**2 + 65*f - 241. Determine j(5).
9
Let x(s) = s**3 + 33*s**2 + 58*s - 158. Give x(-31).
-34
Let i(y) = -y**2 + 52*y - 513. Calculate i(14).
19
Let g(z) = 3*z**3 - 17*z**2 - 2*z + 13. What is g(5)?
-47
Let p(g) = -158*g + 1608. Give p(13).
-446
Let a(d) = d**3 + 155*d**2 - 320*d - 964. Determine a(-157).
-22
Let d(h) = -h**2 + 31*h - 105. Give d(23).
79
Let i(k) = 3006*k + 21018. Determine i(-7).
-24
Let c(h) = 52*h - 3327. Give c(64).
1
Let r(m) = 1054*m - 44303. What is r(42)?
-35
Let y(v) = -19*v**3 - 875*v**2 - 45*v + 39. Calculate y(-46).
-7
Let g(o) = 12*o**3 + 84*o**2 - 17*o - 109. Determine g(-7).
10
Let w(b) = 2*b**2 + 711*b - 14238. Give w(19).
-7
Let f(s) = -s**3 - 18*s**2 + 54*s + 4. What is f(3)?
-23
Let o(p) = 29*p + 540. What is o(-18)?
18
Let h(f) = -52*f**2 + 2*f - 3. Give h(1).
-53
Let a(b) = 314*b - 1671. Calculate a(6).
213
Let w(t) = -66*t + 89. What is w(3)?
-109
Let l(f) = 212*f + 24610. Give l(-116).
18
Let m(z) = 8*z**2 - 462*z + 207. Calculate m(57).
-135
Let w(f) = -58*f**2 + 10*f - 4. Determine w(2).
-216
Let g(h) = 25*h + 1117. Give g(-39).
142
Let d(a) = -7*a**2 - 128*a + 1237. What is d(7)?
-2
Let c(y) = -289*y - 6353. What is c(-22)?
5
Let i(b) = -63*b - 81. Determine i(-8).
423
Let z(w) = -1416*w - 13. Calculate z(0).
-13
Let a(b) = b**2 - 30*b + 9. Calculate a(14).
-215
Let q(k) = 9*k**2 - 506*k + 93. Determine q(56).
-19
Let b(a) = a**2 + 146*a + 812. Determine b(-6).
-28
Let s(m) = -37*m**2 - 13*m - 27. Determine s(-2).
-149
Let i(v) = -v**3 + 10*v**2 + 268*v + 69. Calculate i(-12).
21
Let w(d) = 4*d + 237. Determine w(-9).
201
Let i(r) = -104*r - 2282. Calculate i(-22).
6
Let p(r) = r**3 + 97*r**2 - 11*r - 1303. Calculate p(-97).
-236
Let f(s) = -s**2 - 67*s - 618. Give f(-11).
-2
Let f(m) = -m**2 + 146*m - 1096. Calculate f(8).
8
Let r(z) = 40*z + 156. Calculate r(-4).
-4
Let k(g) = 101*g**2 + 351*g - 351. Give k(1).
101
Let p(n) = 250*n**3 + 2*n**2 - n - 2. Calculate p(-1).
-249
Let n(i) = -i**3 + 18*i**2 - 15*i + 1104. Determine n(20).
4
Let i(w) = w - 116. Give i(81).
-35
Let l(v) = 39*v**2 - 394*v + 32. What is l(11)?
417
Let f(j) = -202*j + 401. Calculate f(2).
-3
Let l(i) = 3*i**2 + 227*i - 304. Give l(-77).
4
Let p(o) = -2*o**3 - 8*o**2 + 386*o + 2. Determine p(12).
26
Let q(x) = 40*x**2 - 448*x + 1. Determine q(11).
-87
Let j(a) = 4*a + 224. Determine j(-32).
96
Let x(y) = -y**2 + 79*y + 2498. Determine x(-30).
-772
Let y(p) = p**2 + 120*p - 20117. What is y(94)?
-1
Let i(m) = 8*m**2 + 688*m - 37. What is i(-86)?
-37
Let g(d) = 23*d**2 + 34*d - 55. What is g(2)?
105
Let g(r) = -r**3 - 22*r**2 + 44*r - 14. Give g(-24).
82
Let m(q) = 167*q - 10815. Calculate m(65).
40
Let v(g) = g**2 + 64*g + 277. Calculate v(-5).
-18
Let j(k) = -k**3 + 39*k**2 + 40*k + 76. Calculate j(40).
76
Let c(a) = 10587*a - 52909. Determine c(5).
26
Let r(j) = -7*j - 582. What is r(-76)?
-50
Let i(a) = a**3 + 25*a**2 + 21*a - 101. Determine i(-24).
-29
Let n(z) = -1567*z - 7688. Give n(-5).
147
Let y(x) = x**2 - 70*x - 3665. Calculate y(105).
10
Let r(y) = 291*y + 1179. Give r(-4).
15
Let c(u) = -36*u - 1310. What is c(-36)?
-14
Let f(a) = -2*a**2 - 70*a + 140. Give f(-37).
-8
Let r(h) = h**3 + 39*h**2 + 84*h + 385. Give r(-37).
15
Let h(y) = y**3 - 97*y**2 + 461*y - 70. What is h(92)?
22
Let p(c) = 11*c - 200. What is p(20)?
20
Let b(s) = s**2 - 615*s - 6250. Give b(-10).
0
Let i(u) = -5*u**2 + 88*u - 28. Give i(17).
23
Let d(o) = 342*o**2 - 1032*o + 4. Determine d(3).
-14
Let a(v) = -v**2 + 3*v + 2318. What is a(-47)?
-32
Let m(w) = 7*w**2 + 16*w - 21. Give m(-5).
74
Let i(r) = 9*r + 55. Calculate i(11).
154
Let o(t) = -57*t + 327. Determine o(0).
327
Let z(x) = -21*x - 73. Give z(-7).
74
Let s(a) = -16*a + 45. Determine s(10).
-115
Let h(o) = -58*o + 112. Give h(-4).
344
Let v(r) = 3*r**2 - 6*r - 49. What is v(-7)?
140
Let k(a) = a**2 + 50*a + 299. Calculate k(-6).
35
Let w(m) = -m**3 + 31*m**2 - 32*m - 767. Determine w(29).
-13
Let d(z) = -63*z**2 - 39*z - 1. Calculate d(-2).
-175
Let f(w) = 3*w**2 + 431*w + 1718. What is f